{"id":507,"date":"2015-01-22T09:08:07","date_gmt":"2015-01-22T09:08:07","guid":{"rendered":"https:\/\/code.webrt.net\/nucewall\/?page_id=507"},"modified":"2026-01-30T01:27:53","modified_gmt":"2026-01-30T01:27:53","slug":"lich-su-hinh-thanh","status":"publish","type":"page","link":"http:\/\/code.webrt.net\/nucewall\/gioi-thieu\/lich-su-hinh-thanh\/","title":{"rendered":"L\u1ecbch s\u1eed h\u00ecnh th\u00e0nh"},"content":{"rendered":"<p>Kh\u1edfi \u0111\u1ea7u t\u1eeb n\u0103m 2015, c\u00e1c gi\u1ea3ng vi\u00ean v\u00e0 chuy\u00ean gia v\u1eadt li\u1ec7u c\u1ee7a Tr\u01b0\u1eddng \u0110\u1ea1i h\u1ecdc X\u00e2y d\u1ef1ng \u0111\u00e3 nghi\u00ean c\u1ee9u, c\u1ea3i ti\u1ebfn s\u1ea3n ph\u1ea9m b\u00ea t\u00f4ng nh\u1eb9 EPS v\u00e0 th\u00e0nh l\u1eadp n\u00ean Nh\u00e0 m\u00e1y s\u1ea3n xu\u1ea5t b\u00ea t\u00f4ng nh\u1eb9 Nucewall t\u1ea1i Th\u1ecb x\u00e3 M\u1ef9 H\u00e0o, t\u1ec9nh H\u01b0ng Y\u00ean v\u1edbi quy m\u00f4 h\u1ec7 th\u1ed1ng nh\u00e0 x\u01b0\u1edfng r\u1ed9ng g\u1ea7n 2 ha, \u0111\u01b0\u1ee3c \u0111\u1ea7u t\u01b0 d\u00e2y chuy\u1ec1n c\u00f4ng ngh\u1ec7 hi\u1ec7n \u0111\u1ea1i.<\/p>\n<p><img loading=\"lazy\" decoding=\"async\" class=\"wp-image-543 aligncenter\" src=\"http:\/\/code.webrt.net\/nucewall\/wp-content\/uploads\/2026\/01\/HUCE-300x140.jpg\" alt=\"\" width=\"898\" height=\"419\" srcset=\"http:\/\/code.webrt.net\/nucewall\/wp-content\/uploads\/2026\/01\/HUCE-300x140.jpg 300w, http:\/\/code.webrt.net\/nucewall\/wp-content\/uploads\/2026\/01\/HUCE-1024x477.jpg 1024w, http:\/\/code.webrt.net\/nucewall\/wp-content\/uploads\/2026\/01\/HUCE-768x358.jpg 768w, http:\/\/code.webrt.net\/nucewall\/wp-content\/uploads\/2026\/01\/HUCE-1536x716.jpg 1536w, http:\/\/code.webrt.net\/nucewall\/wp-content\/uploads\/2026\/01\/HUCE-600x280.jpg 600w, http:\/\/code.webrt.net\/nucewall\/wp-content\/uploads\/2026\/01\/HUCE.jpg 1600w\" sizes=\"auto, (max-width: 898px) 100vw, 898px\" \/><\/p>\n<p>Tr\u00ean c\u01a1 s\u1edf th\u1ef1c hi\u1ec7n Quy\u1ebft \u0111\u1ecbnh 567\/Q\u0110-TTg ng\u00e0y 28\/04\/2010, Quy\u1ebft \u0111\u1ecbnh 2171\/Q\u0110-TTg ng\u00e0y 23\/12\/2021 c\u1ee7a Th\u1ee7 t\u01b0\u1edbng Ch\u00ednh Ph\u1ee7 c\u00f9ng v\u1edbi Th\u00f4ng t\u01b0 13\/2017\/TT-BXD ng\u00e0y 08\/12\/2017 c\u1ee7a B\u1ed9 X\u00e2y d\u1ef1ng v\u1ec1 \u0111\u1ecbnh h\u01b0\u1edbng ph\u00e1t tri\u1ec3n v\u1eadt li\u1ec7u x\u00e2y d\u1ef1ng kh\u00f4ng nung t\u1ea1i Vi\u1ec7t Nam \u0111\u1ebfn 2030 t\u1ea7m nh\u00ecn \u0111\u1ebfn 2050, tr\u00ean ch\u1eb7ng \u0111\u01b0\u1eddng ph\u00e1t tri\u1ec3n, C\u00f4ng ty C\u1ed5 ph\u1ea7n T\u01b0\u1eddng nh\u1eb9 Nucewall \u0111\u00e3 kh\u00f4ng ng\u1eebng c\u1ea3i ti\u1ebfn v\u00e0 cung c\u1ea5p\u00a0 ra th\u1ecb tr\u01b0\u1eddng c\u00e1c s\u1ea3n ph\u1ea9m t\u1ea5m b\u00ea t\u00f4ng nh\u1eb9 EPS \u0111\u00fac s\u1eb5n mang th\u01b0\u01a1ng hi\u1ec7u Nucewall c\u00f3 ngu\u1ed3n g\u1ed1c t\u1eeb Tr\u01b0\u1eddng \u0110\u1ea1i h\u1ecdc X\u00e2y D\u1ef1ng nh\u01b0:<\/p>\n<p>\u2013 T\u1ea5m t\u01b0\u1eddng Nucewall \u1ee9ng d\u1ee5ng l\u00e0m t\u01b0\u1eddng thay th\u1ebf t\u01b0\u1eddng g\u1ea1ch nung x\u00e2y tr\u00e1t truy\u1ec1n th\u1ed1ng.<br \/>\n\u2013 T\u1ea5m s\u00e0n NucePanel \u1ee9ng d\u1ee5ng l\u00e0m s\u00e0n thay th\u1ebf s\u00e0n deck trong c\u00f4ng tr\u00ecnh k\u1ebft c\u1ea5u th\u00e9p.<br \/>\n\u2013 Gi\u1ea3i ph\u00e1p t\u01b0\u1eddng r\u00e0o l\u1eafp gh\u00e9p Nucewall s\u1eed d\u1ee5ng c\u1ea5u ki\u1ec7n m\u00f3ng, c\u1ed9t k\u1ebft h\u1ee3p t\u1ea5m t\u01b0\u1eddng Nucewall.<br \/>\n\u2013 Gi\u1ea3i ph\u00e1p ch\u1ed1ng n\u00f3ng tr\u00ean m\u00e1i c\u1ee7a c\u00f4ng tr\u00ecnh.<br \/>\n\u2013 C\u1ea5u ki\u1ec7n b\u00ea t\u00f4ng \u0111\u00fac s\u1eb5n s\u1eed d\u1ee5ng trong ng\u00e0nh c\u00f4ng nghi\u1ec7p.<\/p>\n<p><img loading=\"lazy\" decoding=\"async\" class=\"wp-image-359 aligncenter\" src=\"http:\/\/code.webrt.net\/nucewall\/wp-content\/uploads\/2026\/01\/caa97a813910b64eef01-300x200.jpg\" alt=\"\" width=\"897\" height=\"598\" srcset=\"http:\/\/code.webrt.net\/nucewall\/wp-content\/uploads\/2026\/01\/caa97a813910b64eef01-300x200.jpg 300w, http:\/\/code.webrt.net\/nucewall\/wp-content\/uploads\/2026\/01\/caa97a813910b64eef01-600x400.jpg 600w, http:\/\/code.webrt.net\/nucewall\/wp-content\/uploads\/2026\/01\/caa97a813910b64eef01.jpg 768w\" sizes=\"auto, (max-width: 897px) 100vw, 897px\" \/><\/p>\n<p>Hi\u1ec7n t\u1ea1i, t\u1ea5m b\u00ea t\u00f4ng nh\u1eb9 EPS \u0111\u00fac s\u1eb5n c\u1ee7a Nucewall \u0111\u00e3 c\u00f3 m\u1eb7t t\u1ea1i nhi\u1ec1u d\u1ef1 \u00e1n c\u00f3 quy m\u00f4 l\u1edbn c\u1ee7a c\u00e1c ch\u1ee7 \u0111\u1ea7u t\u01b0 uy t\u00edn v\u00e0 \u0111\u01b0\u1ee3c \u0111\u00e1nh gi\u00e1 r\u1ea5t cao v\u1ec1 ch\u1ea5t l\u01b0\u1ee3ng. B\u00ean c\u1ea1nh vi\u1ec7c ph\u00e1t tri\u1ec3n s\u1ea3n xu\u1ea5t v\u00e0 kinh<br \/>\ndoanh, Nucewall lu\u00f4n \u0111\u1eb7t l\u1ee3i \u00edch cho x\u00e3 h\u1ed9i l\u00ean h\u00e0ng \u0111\u1ea7u v\u1edbi m\u1ee5c ti\u00eau \u0111\u01b0a ra th\u1ecb tr\u01b0\u1eddng c\u00e1c s\u1ea3n ph\u1ea9m, gi\u1ea3i ph\u00e1p x\u00e2y d\u1ef1ng c\u00f4ng ngh\u1ec7 m\u1edbi, n\u00e2ng cao ch\u1ea5t l\u01b0\u1ee3ng cu\u1ed9c s\u1ed1ng v\u00e0 an to\u00e0n cho ng\u01b0\u1eddi s\u1eed d\u1ee5ng theo \u0111\u00fang \u0111\u1ecbnh h\u01b0\u1edbng ph\u00e1t tri\u1ec3n c\u1ee7a c\u00f4ng ty t\u1eeb ng\u00e0y \u0111\u1ea7u th\u00e0nh l\u1eadp.<img loading=\"lazy\" decoding=\"async\" class=\"wp-image-545 aligncenter\" src=\"http:\/\/code.webrt.net\/nucewall\/wp-content\/uploads\/2026\/01\/2025-11-26-12-33-13-985-300x225.png\" alt=\"\" width=\"900\" height=\"675\" srcset=\"http:\/\/code.webrt.net\/nucewall\/wp-content\/uploads\/2026\/01\/2025-11-26-12-33-13-985-300x225.png 300w, http:\/\/code.webrt.net\/nucewall\/wp-content\/uploads\/2026\/01\/2025-11-26-12-33-13-985-768x576.png 768w, http:\/\/code.webrt.net\/nucewall\/wp-content\/uploads\/2026\/01\/2025-11-26-12-33-13-985-600x450.png 600w, http:\/\/code.webrt.net\/nucewall\/wp-content\/uploads\/2026\/01\/2025-11-26-12-33-13-985.png 960w\" sizes=\"auto, (max-width: 900px) 100vw, 900px\" \/><\/p>\n","protected":false},"excerpt":{"rendered":"<p>Kh\u1edfi \u0111\u1ea7u t\u1eeb n\u0103m 2015, c\u00e1c gi\u1ea3ng vi\u00ean v\u00e0 chuy\u00ean gia v\u1eadt li\u1ec7u c\u1ee7a Tr\u01b0\u1eddng \u0110\u1ea1i h\u1ecdc X\u00e2y d\u1ef1ng \u0111\u00e3 nghi\u00ean c\u1ee9u, c\u1ea3i ti\u1ebfn s\u1ea3n ph\u1ea9m b\u00ea t\u00f4ng nh\u1eb9 EPS v\u00e0 th\u00e0nh l\u1eadp n\u00ean Nh\u00e0 m\u00e1y s\u1ea3n xu\u1ea5t b\u00ea t\u00f4ng nh\u1eb9 Nucewall t\u1ea1i Th\u1ecb x\u00e3 M\u1ef9 H\u00e0o, t\u1ec9nh H\u01b0ng Y\u00ean v\u1edbi quy m\u00f4 h\u1ec7 th\u1ed1ng&#8230;<\/p>\n","protected":false},"author":1,"featured_media":0,"parent":211,"menu_order":0,"comment_status":"closed","ping_status":"closed","template":"","meta":{"footnotes":""},"class_list":["post-507","page","type-page","status-publish","hentry"],"yoast_head":"<!-- This site is optimized with the Yoast SEO plugin v26.7 - https:\/\/yoast.com\/wordpress\/plugins\/seo\/ -->\n<title>L\u1ecbch s\u1eed h\u00ecnh th\u00e0nh - C\u00d4NG TY C\u1ed4 PH\u1ea6N T\u01af\u1edcNG NH\u1eb8 NUCEWALL<\/title>\n<meta name=\"robots\" content=\"noindex, follow, max-snippet:-1, max-image-preview:large, max-video-preview:-1\" \/>\n<meta property=\"og:locale\" content=\"vi_VN\" \/>\n<meta property=\"og:type\" content=\"article\" \/>\n<meta property=\"og:title\" content=\"L\u1ecbch s\u1eed h\u00ecnh th\u00e0nh - C\u00d4NG TY C\u1ed4 PH\u1ea6N T\u01af\u1edcNG NH\u1eb8 NUCEWALL\" \/>\n<meta property=\"og:description\" content=\"Kh\u1edfi \u0111\u1ea7u t\u1eeb n\u0103m 2015, c\u00e1c gi\u1ea3ng vi\u00ean v\u00e0 chuy\u00ean gia v\u1eadt li\u1ec7u c\u1ee7a Tr\u01b0\u1eddng \u0110\u1ea1i h\u1ecdc X\u00e2y d\u1ef1ng \u0111\u00e3 nghi\u00ean c\u1ee9u, c\u1ea3i ti\u1ebfn s\u1ea3n ph\u1ea9m b\u00ea t\u00f4ng nh\u1eb9 EPS v\u00e0 th\u00e0nh l\u1eadp n\u00ean Nh\u00e0 m\u00e1y s\u1ea3n xu\u1ea5t b\u00ea t\u00f4ng nh\u1eb9 Nucewall t\u1ea1i Th\u1ecb x\u00e3 M\u1ef9 H\u00e0o, t\u1ec9nh H\u01b0ng Y\u00ean v\u1edbi quy m\u00f4 h\u1ec7 th\u1ed1ng...\" \/>\n<meta property=\"og:url\" content=\"http:\/\/code.webrt.net\/nucewall\/gioi-thieu\/lich-su-hinh-thanh\/\" \/>\n<meta property=\"og:site_name\" content=\"C\u00d4NG TY C\u1ed4 PH\u1ea6N T\u01af\u1edcNG NH\u1eb8 NUCEWALL\" \/>\n<meta property=\"article:modified_time\" content=\"2026-01-30T01:27:53+00:00\" \/>\n<meta property=\"og:image\" content=\"http:\/\/code.webrt.net\/nucewall\/wp-content\/uploads\/2026\/01\/HUCE-300x140.jpg\" \/>\n<meta name=\"twitter:card\" content=\"summary_large_image\" \/>\n<meta name=\"twitter:label1\" content=\"\u01af\u1edbc t\u00ednh th\u1eddi gian \u0111\u1ecdc\" \/>\n\t<meta name=\"twitter:data1\" content=\"3 ph\u00fat\" \/>\n<script type=\"application\/ld+json\" class=\"yoast-schema-graph\">{\"@context\":\"https:\/\/schema.org\",\"@graph\":[{\"@type\":\"WebPage\",\"@id\":\"http:\/\/code.webrt.net\/nucewall\/gioi-thieu\/lich-su-hinh-thanh\/\",\"url\":\"http:\/\/code.webrt.net\/nucewall\/gioi-thieu\/lich-su-hinh-thanh\/\",\"name\":\"L\u1ecbch s\u1eed h\u00ecnh th\u00e0nh - C\u00d4NG TY C\u1ed4 PH\u1ea6N T\u01af\u1edcNG NH\u1eb8 NUCEWALL\",\"isPartOf\":{\"@id\":\"http:\/\/code.webrt.net\/nucewall\/#website\"},\"primaryImageOfPage\":{\"@id\":\"http:\/\/code.webrt.net\/nucewall\/gioi-thieu\/lich-su-hinh-thanh\/#primaryimage\"},\"image\":{\"@id\":\"http:\/\/code.webrt.net\/nucewall\/gioi-thieu\/lich-su-hinh-thanh\/#primaryimage\"},\"thumbnailUrl\":\"http:\/\/code.webrt.net\/nucewall\/wp-content\/uploads\/2026\/01\/HUCE-300x140.jpg\",\"datePublished\":\"2015-01-22T09:08:07+00:00\",\"dateModified\":\"2026-01-30T01:27:53+00:00\",\"breadcrumb\":{\"@id\":\"http:\/\/code.webrt.net\/nucewall\/gioi-thieu\/lich-su-hinh-thanh\/#breadcrumb\"},\"inLanguage\":\"vi\",\"potentialAction\":[{\"@type\":\"ReadAction\",\"target\":[\"http:\/\/code.webrt.net\/nucewall\/gioi-thieu\/lich-su-hinh-thanh\/\"]}]},{\"@type\":\"ImageObject\",\"inLanguage\":\"vi\",\"@id\":\"http:\/\/code.webrt.net\/nucewall\/gioi-thieu\/lich-su-hinh-thanh\/#primaryimage\",\"url\":\"http:\/\/code.webrt.net\/nucewall\/wp-content\/uploads\/2026\/01\/HUCE.jpg\",\"contentUrl\":\"http:\/\/code.webrt.net\/nucewall\/wp-content\/uploads\/2026\/01\/HUCE.jpg\",\"width\":1600,\"height\":746},{\"@type\":\"BreadcrumbList\",\"@id\":\"http:\/\/code.webrt.net\/nucewall\/gioi-thieu\/lich-su-hinh-thanh\/#breadcrumb\",\"itemListElement\":[{\"@type\":\"ListItem\",\"position\":1,\"name\":\"Trang ch\u1ee7\",\"item\":\"http:\/\/code.webrt.net\/nucewall\/\"},{\"@type\":\"ListItem\",\"position\":2,\"name\":\"Gi\u1edbi thi\u1ec7u\",\"item\":\"http:\/\/code.webrt.net\/nucewall\/gioi-thieu\/\"},{\"@type\":\"ListItem\",\"position\":3,\"name\":\"L\u1ecbch s\u1eed h\u00ecnh th\u00e0nh\"}]},{\"@type\":\"WebSite\",\"@id\":\"http:\/\/code.webrt.net\/nucewall\/#website\",\"url\":\"http:\/\/code.webrt.net\/nucewall\/\",\"name\":\"C\u00d4NG TY C\u1ed4 PH\u1ea6N T\u01af\u1edcNG NH\u1eb8 NUCEWALL\",\"description\":\"\",\"potentialAction\":[{\"@type\":\"SearchAction\",\"target\":{\"@type\":\"EntryPoint\",\"urlTemplate\":\"http:\/\/code.webrt.net\/nucewall\/?s={search_term_string}\"},\"query-input\":{\"@type\":\"PropertyValueSpecification\",\"valueRequired\":true,\"valueName\":\"search_term_string\"}}],\"inLanguage\":\"vi\"}]}<\/script>\n<!-- \/ Yoast SEO plugin. -->","yoast_head_json":{"title":"L\u1ecbch s\u1eed h\u00ecnh th\u00e0nh - C\u00d4NG TY C\u1ed4 PH\u1ea6N T\u01af\u1edcNG NH\u1eb8 NUCEWALL","robots":{"index":"noindex","follow":"follow","max-snippet":"max-snippet:-1","max-image-preview":"max-image-preview:large","max-video-preview":"max-video-preview:-1"},"og_locale":"vi_VN","og_type":"article","og_title":"L\u1ecbch s\u1eed h\u00ecnh th\u00e0nh - C\u00d4NG TY C\u1ed4 PH\u1ea6N T\u01af\u1edcNG NH\u1eb8 NUCEWALL","og_description":"Kh\u1edfi \u0111\u1ea7u t\u1eeb n\u0103m 2015, c\u00e1c gi\u1ea3ng vi\u00ean v\u00e0 chuy\u00ean gia v\u1eadt li\u1ec7u c\u1ee7a Tr\u01b0\u1eddng \u0110\u1ea1i h\u1ecdc X\u00e2y d\u1ef1ng \u0111\u00e3 nghi\u00ean c\u1ee9u, c\u1ea3i ti\u1ebfn s\u1ea3n ph\u1ea9m b\u00ea t\u00f4ng nh\u1eb9 EPS v\u00e0 th\u00e0nh l\u1eadp n\u00ean Nh\u00e0 m\u00e1y s\u1ea3n xu\u1ea5t b\u00ea t\u00f4ng nh\u1eb9 Nucewall t\u1ea1i Th\u1ecb x\u00e3 M\u1ef9 H\u00e0o, t\u1ec9nh H\u01b0ng Y\u00ean v\u1edbi quy m\u00f4 h\u1ec7 th\u1ed1ng...","og_url":"http:\/\/code.webrt.net\/nucewall\/gioi-thieu\/lich-su-hinh-thanh\/","og_site_name":"C\u00d4NG TY C\u1ed4 PH\u1ea6N T\u01af\u1edcNG NH\u1eb8 NUCEWALL","article_modified_time":"2026-01-30T01:27:53+00:00","og_image":[{"url":"http:\/\/code.webrt.net\/nucewall\/wp-content\/uploads\/2026\/01\/HUCE-300x140.jpg","type":"","width":"","height":""}],"twitter_card":"summary_large_image","twitter_misc":{"\u01af\u1edbc t\u00ednh th\u1eddi gian \u0111\u1ecdc":"3 ph\u00fat"},"schema":{"@context":"https:\/\/schema.org","@graph":[{"@type":"WebPage","@id":"http:\/\/code.webrt.net\/nucewall\/gioi-thieu\/lich-su-hinh-thanh\/","url":"http:\/\/code.webrt.net\/nucewall\/gioi-thieu\/lich-su-hinh-thanh\/","name":"L\u1ecbch s\u1eed h\u00ecnh th\u00e0nh - C\u00d4NG TY C\u1ed4 PH\u1ea6N T\u01af\u1edcNG NH\u1eb8 NUCEWALL","isPartOf":{"@id":"http:\/\/code.webrt.net\/nucewall\/#website"},"primaryImageOfPage":{"@id":"http:\/\/code.webrt.net\/nucewall\/gioi-thieu\/lich-su-hinh-thanh\/#primaryimage"},"image":{"@id":"http:\/\/code.webrt.net\/nucewall\/gioi-thieu\/lich-su-hinh-thanh\/#primaryimage"},"thumbnailUrl":"http:\/\/code.webrt.net\/nucewall\/wp-content\/uploads\/2026\/01\/HUCE-300x140.jpg","datePublished":"2015-01-22T09:08:07+00:00","dateModified":"2026-01-30T01:27:53+00:00","breadcrumb":{"@id":"http:\/\/code.webrt.net\/nucewall\/gioi-thieu\/lich-su-hinh-thanh\/#breadcrumb"},"inLanguage":"vi","potentialAction":[{"@type":"ReadAction","target":["http:\/\/code.webrt.net\/nucewall\/gioi-thieu\/lich-su-hinh-thanh\/"]}]},{"@type":"ImageObject","inLanguage":"vi","@id":"http:\/\/code.webrt.net\/nucewall\/gioi-thieu\/lich-su-hinh-thanh\/#primaryimage","url":"http:\/\/code.webrt.net\/nucewall\/wp-content\/uploads\/2026\/01\/HUCE.jpg","contentUrl":"http:\/\/code.webrt.net\/nucewall\/wp-content\/uploads\/2026\/01\/HUCE.jpg","width":1600,"height":746},{"@type":"BreadcrumbList","@id":"http:\/\/code.webrt.net\/nucewall\/gioi-thieu\/lich-su-hinh-thanh\/#breadcrumb","itemListElement":[{"@type":"ListItem","position":1,"name":"Trang ch\u1ee7","item":"http:\/\/code.webrt.net\/nucewall\/"},{"@type":"ListItem","position":2,"name":"Gi\u1edbi thi\u1ec7u","item":"http:\/\/code.webrt.net\/nucewall\/gioi-thieu\/"},{"@type":"ListItem","position":3,"name":"L\u1ecbch s\u1eed h\u00ecnh th\u00e0nh"}]},{"@type":"WebSite","@id":"http:\/\/code.webrt.net\/nucewall\/#website","url":"http:\/\/code.webrt.net\/nucewall\/","name":"C\u00d4NG TY C\u1ed4 PH\u1ea6N T\u01af\u1edcNG NH\u1eb8 NUCEWALL","description":"","potentialAction":[{"@type":"SearchAction","target":{"@type":"EntryPoint","urlTemplate":"http:\/\/code.webrt.net\/nucewall\/?s={search_term_string}"},"query-input":{"@type":"PropertyValueSpecification","valueRequired":true,"valueName":"search_term_string"}}],"inLanguage":"vi"}]}},"_links":{"self":[{"href":"http:\/\/code.webrt.net\/nucewall\/wp-json\/wp\/v2\/pages\/507","targetHints":{"allow":["GET"]}}],"collection":[{"href":"http:\/\/code.webrt.net\/nucewall\/wp-json\/wp\/v2\/pages"}],"about":[{"href":"http:\/\/code.webrt.net\/nucewall\/wp-json\/wp\/v2\/types\/page"}],"author":[{"embeddable":true,"href":"http:\/\/code.webrt.net\/nucewall\/wp-json\/wp\/v2\/users\/1"}],"replies":[{"embeddable":true,"href":"http:\/\/code.webrt.net\/nucewall\/wp-json\/wp\/v2\/comments?post=507"}],"version-history":[{"count":6,"href":"http:\/\/code.webrt.net\/nucewall\/wp-json\/wp\/v2\/pages\/507\/revisions"}],"predecessor-version":[{"id":546,"href":"http:\/\/code.webrt.net\/nucewall\/wp-json\/wp\/v2\/pages\/507\/revisions\/546"}],"up":[{"embeddable":true,"href":"http:\/\/code.webrt.net\/nucewall\/wp-json\/wp\/v2\/pages\/211"}],"wp:attachment":[{"href":"http:\/\/code.webrt.net\/nucewall\/wp-json\/wp\/v2\/media?parent=507"}],"curies":[{"name":"wp","href":"https:\/\/api.w.org\/{rel}","templated":true}]}}