{"id":213,"date":"2026-01-09T04:26:42","date_gmt":"2026-01-09T04:26:42","guid":{"rendered":"http:\/\/code.webrt.net\/nucewall\/?page_id=213"},"modified":"2026-01-10T04:16:29","modified_gmt":"2026-01-10T04:16:29","slug":"lien-he","status":"publish","type":"page","link":"http:\/\/code.webrt.net\/nucewall\/lien-he\/","title":{"rendered":"Li\u00ean h\u1ec7"},"content":{"rendered":"\n\t<section class=\"section\" id=\"section_1637479681\">\n\t\t<div class=\"section-bg fill\" >\n\t\t\t\t\t\t\t\t\t\n\t\t\t\n\n\t\t<\/div>\n\n\t\t\n\n\t\t<div class=\"section-content relative\">\n\t\t\t\n<div class=\"row row-collapse\"  id=\"row-938509940\">\n\n\t<div id=\"col-434006446\" class=\"col small-12 large-12\"  >\n\t\t\t\t<div class=\"col-inner\"  >\n\t\t\t\n\t\t\t\n\t<div id=\"text-3542400741\" class=\"text\">\n\t\t\n<h1 class=\"mb-0\">LI\u00caN H\u1ec6<\/h1>\n\t\t\n<style>\n#text-3542400741 {\n  font-size: 1.6rem;\n}\n<\/style>\n\t<\/div>\n\t\n\t\t<\/div>\n\t\t\t\t\t<\/div>\n\n\t\n<\/div>\n\t\t<\/div>\n\n\t\t\n<style>\n#section_1637479681 {\n  padding-top: 0px;\n  padding-bottom: 0px;\n}\n<\/style>\n\t<\/section>\n\t\n\n\t<section class=\"section\" id=\"section_1717220764\">\n\t\t<div class=\"section-bg fill\" >\n\t\t\t\t\t\t\t\t\t\n\t\t\t\n\n\t\t<\/div>\n\n\t\t\n\n\t\t<div class=\"section-content relative\">\n\t\t\t\n\t<div id=\"gap-1534147573\" class=\"gap-element clearfix\" style=\"display:block; height:auto;\">\n\t\t\n<style>\n#gap-1534147573 {\n  padding-top: 40px;\n}\n<\/style>\n\t<\/div>\n\t\n<div class=\"row row-small\"  id=\"row-1360501571\">\n\n\t<div id=\"col-1078061702\" class=\"col medium-6 small-12 large-6\"  >\n\t\t\t\t<div class=\"col-inner\"  >\n\t\t\t\n\t\t\t\n<h3><span style=\"color: #00908a;\"><strong>TH\u00d4NG TIN CHUNG<\/strong><\/span><\/h3>\n<p><strong>C\u00d4NG TY C\u1ed4 PH\u1ea6N T\u01af\u1edcNG NH\u1eb8 NUCEWALL<\/strong><\/p>\n<ul>\n<li><strong>\u0110\u1ecba ch\u1ec9:<\/strong> T\u1ea7ng 1, \u0111\u01a1n nguy\u00ean B, t\u00f2a nh\u00e0 Licogi 13, 164 Khu\u1ea5t Duy Ti\u1ebfn, Ph\u01b0\u1eddng Thanh Xu\u00e2n, H\u00e0 N\u1ed9i.<\/li>\n<li><strong>Nh\u00e0 m\u00e1y:<\/strong> \u0110\u01b0\u1eddng Nguy\u1ec5n B\u00ecnh, Ph\u01b0\u1eddng M\u1ef9 H\u00e0o, T\u1ec9nh H\u01b0ng Y\u00ean.<\/li>\n<li><strong>Hotline:<\/strong> 0902.192.389 &#8211; 0966.377.466 &#8211; 098.399.1102<\/li>\n<li><strong>Email:<\/strong> sales@nucewall.vn<\/li>\n<li><strong>Website:<\/strong> www.nucewall.vn<\/li>\n<\/ul>\n<div class=\"social-icons follow-icons\" style=\"font-size:110%\"><a href=\"https:\/\/www.facebook.com\/share\/19w6b7hpN5\/\" target=\"_blank\" data-label=\"Facebook\" class=\"icon primary button circle facebook tooltip\" title=\"Theo d\u00f5i tr\u00ean Facebook\" aria-label=\"Theo d\u00f5i tr\u00ean Facebook\" rel=\"noopener nofollow\" ><i class=\"icon-facebook\" ><\/i><\/a><a href=\"https:\/\/url\" target=\"_blank\" data-label=\"Instagram\" class=\"icon primary button circle instagram tooltip\" title=\"Theo d\u00f5i tr\u00ean Instagram\" aria-label=\"Theo d\u00f5i tr\u00ean Instagram\" rel=\"noopener nofollow\" ><i class=\"icon-instagram\" ><\/i><\/a><a href=\"https:\/\/url\" data-label=\"Pinterest\" target=\"_blank\" class=\"icon primary button circle pinterest tooltip\" title=\"Theo d\u00f5i tr\u00ean Pinterest\" aria-label=\"Theo d\u00f5i tr\u00ean Pinterest\" rel=\"noopener nofollow\" ><i class=\"icon-pinterest\" ><\/i><\/a><a href=\"https:\/\/url\" data-label=\"YouTube\" target=\"_blank\" class=\"icon primary button circle youtube tooltip\" title=\"Theo d\u00f5i tr\u00ean YouTube\" aria-label=\"Theo d\u00f5i tr\u00ean YouTube\" rel=\"noopener nofollow\" ><i class=\"icon-youtube\" ><\/i><\/a><\/div>\n\t\t<\/div>\n\t\t\t\t\t<\/div>\n\n\t\n\n\t<div id=\"col-2034283823\" class=\"col medium-6 small-12 large-6\"  >\n\t\t\t\t<div class=\"col-inner\"  >\n\t\t\t\n\t\t\t\n<h4>LI\u00caN H\u1ec6 CH\u00daNG T\u00d4I<\/h4>\n\n<div class=\"wpcf7 no-js\" id=\"wpcf7-f9-o1\" lang=\"vi\" dir=\"ltr\" data-wpcf7-id=\"9\">\n<div class=\"screen-reader-response\"><p role=\"status\" aria-live=\"polite\" aria-atomic=\"true\"><\/p> <ul><\/ul><\/div>\n<form action=\"\/nucewall\/wp-json\/wp\/v2\/pages\/213#wpcf7-f9-o1\" method=\"post\" class=\"wpcf7-form init\" aria-label=\"Form li\u00ean h\u1ec7\" novalidate=\"novalidate\" data-status=\"init\">\n<fieldset class=\"hidden-fields-container\"><input type=\"hidden\" name=\"_wpcf7\" value=\"9\" \/><input type=\"hidden\" name=\"_wpcf7_version\" value=\"6.1.4\" \/><input type=\"hidden\" name=\"_wpcf7_locale\" value=\"vi\" \/><input type=\"hidden\" name=\"_wpcf7_unit_tag\" value=\"wpcf7-f9-o1\" \/><input type=\"hidden\" name=\"_wpcf7_container_post\" value=\"0\" \/><input type=\"hidden\" name=\"_wpcf7_posted_data_hash\" value=\"\" \/>\n<\/fieldset>\n<div class=\"row row-small\">\n\t<div class=\"col medium-12 small-12 large-12 pb-0\">\n\t\t<p><span class=\"wpcf7-form-control-wrap\" data-name=\"your-name\"><input size=\"40\" maxlength=\"400\" class=\"wpcf7-form-control wpcf7-text wpcf7-validates-as-required\" aria-required=\"true\" aria-invalid=\"false\" placeholder=\"H\u1ecd v\u00e0 t\u00ean\" value=\"\" type=\"text\" name=\"your-name\" \/><\/span>\n\t\t<\/p>\n\t<\/div>\n\t<div class=\"col medium-12 small-12 large-12 pb-0\">\n\t\t<p><span class=\"wpcf7-form-control-wrap\" data-name=\"your-email\"><input size=\"40\" maxlength=\"400\" class=\"wpcf7-form-control wpcf7-email wpcf7-validates-as-required wpcf7-text wpcf7-validates-as-email\" aria-required=\"true\" aria-invalid=\"false\" placeholder=\"Email\" value=\"\" type=\"email\" name=\"your-email\" \/><\/span>\n\t\t<\/p>\n\t<\/div>\n\t<div class=\"col medium-12 small-12 large-12 pb-0\">\n\t\t<p><span class=\"wpcf7-form-control-wrap\" data-name=\"your-phone\"><input size=\"40\" maxlength=\"400\" class=\"wpcf7-form-control wpcf7-tel wpcf7-validates-as-required wpcf7-text wpcf7-validates-as-tel\" aria-required=\"true\" aria-invalid=\"false\" placeholder=\"S\u1ed1 \u0111i\u1ec7n tho\u1ea1i\" value=\"\" type=\"tel\" name=\"your-phone\" \/><\/span>\n\t\t<\/p>\n\t<\/div>\n\t<div class=\"col medium-12 small-12 large-12 pb-0\">\n\t\t<p><span class=\"wpcf7-form-control-wrap\" data-name=\"your-message\"><textarea cols=\"40\" rows=\"10\" maxlength=\"2000\" class=\"wpcf7-form-control wpcf7-textarea\" aria-invalid=\"false\" placeholder=\"N\u1ed9i dung\" name=\"your-message\"><\/textarea><\/span>\n\t\t<\/p>\n\t<\/div>\n\t<div class=\"col medium-12 small-12 large-12 pb-0\">\n\t\t<p><input class=\"wpcf7-form-control wpcf7-submit has-spinner\" type=\"submit\" value=\"G\u1eedi ngay\" \/>\n\t\t<\/p>\n\t<\/div>\n<\/div><div class=\"wpcf7-response-output\" aria-hidden=\"true\"><\/div>\n<\/form>\n<\/div>\n\n\t\t<\/div>\n\t\t\t\t\t<\/div>\n\n\t\n<\/div>\n<div class=\"row\"  id=\"row-31117559\">\n\n\t<div id=\"col-1582698342\" class=\"col medium-6 small-12 large-6\"  >\n\t\t\t\t<div class=\"col-inner\"  >\n\t\t\t\n\t\t\t\n\n<p><iframe src=\"https:\/\/www.google.com\/maps\/embed?pb=!1m18!1m12!1m3!1d3724.8540227699614!2d105.79611117400815!3d20.99848788882005!2m3!1f0!2f0!3f0!3m2!1i1024!2i768!4f13.1!3m3!1m2!1s0x3135acbb71c7a7eb%3A0xffd0747f9c63b3dd!2zMTY0IMSQLiBLaHXhuqV0IER1eSBUaeG6v24sIE5ow6JuIENow61uaCwgVGhhbmggWHXDom4sIEjDoCBO4buZaSAxMTYwMDAsIFZp4buHdCBOYW0!5e0!3m2!1svi!2s!4v1767922585512!5m2!1svi!2s\" width=\"100%\" height=\"450\" style=\"border:0;\" allowfullscreen=\"\" loading=\"lazy\" referrerpolicy=\"no-referrer-when-downgrade\"><\/iframe><br \/>\n\n\t\t<\/div>\n\t\t\t\t\t<\/div>\n\n\t\n\n\t<div id=\"col-2112932075\" class=\"col medium-6 small-12 large-6\"  >\n\t\t\t\t<div class=\"col-inner\"  >\n\t\t\t\n\t\t\t\n\n<p><iframe src=\"https:\/\/www.google.com\/maps\/embed?pb=!1m18!1m12!1m3!1d4633.894927091735!2d106.07681919999999!3d20.931424699999997!2m3!1f0!2f0!3f0!3m2!1i1024!2i768!4f13.1!3m3!1m2!1s0x3135a37bf350972d%3A0xd052fb071cc72839!2zQ8O0bmcgdHkgQ1AgVMaw4budbmcgbmjhurkgTnVjZXdhbGw!5e1!3m2!1svi!2s!4v1768017842069!5m2!1svi!2s\" width=\"100%\" height=\"450\" style=\"border:0;\" allowfullscreen=\"\" loading=\"lazy\" referrerpolicy=\"no-referrer-when-downgrade\"><\/iframe><br \/>\n\n\t\t<\/div>\n\t\t\t\t\t<\/div>\n\n\t\n<\/div>\n\t\t<\/div>\n\n\t\t\n<style>\n#section_1717220764 {\n  padding-top: 0px;\n  padding-bottom: 0px;\n}\n<\/style>\n\t<\/section>\n\t\n\n\t<section class=\"section\" id=\"section_358216986\">\n\t\t<div class=\"section-bg fill\" >\n\t\t\t\t\t\t\t\t\t\n\t\t\t\n\n\t\t<\/div>\n\n\t\t\n\n\t\t<div class=\"section-content relative\">\n\t\t\t\n<div class=\"row row-collapse row-full-width\"  id=\"row-512271051\">\n\n\t<div id=\"col-1232879807\" class=\"col gg-map small-12 large-12\"  >\n\t\t\t\t<div class=\"col-inner\"  >\n\t\t\t\n\t\t\t\n\t\t<\/div>\n\t\t\t\t\t<\/div>\n\n\t\n<\/div>\n\t\t<\/div>\n\n\t\t\n<style>\n#section_358216986 {\n  padding-top: 0px;\n  padding-bottom: 0px;\n}\n<\/style>\n\t<\/section>\n\t\n","protected":false},"excerpt":{"rendered":"","protected":false},"author":1,"featured_media":0,"parent":0,"menu_order":0,"comment_status":"closed","ping_status":"closed","template":"page-blank.php","meta":{"footnotes":""},"class_list":["post-213","page","type-page","status-publish","hentry"],"yoast_head":"<!-- This site is optimized with the Yoast SEO plugin v26.7 - https:\/\/yoast.com\/wordpress\/plugins\/seo\/ -->\n<title>Li\u00ean h\u1ec7 - C\u00d4NG TY C\u1ed4 PH\u1ea6N T\u01af\u1edcNG NH\u1eb8 NUCEWALL<\/title>\n<meta name=\"robots\" content=\"noindex, follow, max-snippet:-1, max-image-preview:large, max-video-preview:-1\" \/>\n<meta property=\"og:locale\" content=\"vi_VN\" \/>\n<meta property=\"og:type\" content=\"article\" \/>\n<meta property=\"og:title\" content=\"Li\u00ean h\u1ec7 - C\u00d4NG TY C\u1ed4 PH\u1ea6N T\u01af\u1edcNG NH\u1eb8 NUCEWALL\" \/>\n<meta property=\"og:url\" content=\"http:\/\/code.webrt.net\/nucewall\/lien-he\/\" \/>\n<meta property=\"og:site_name\" content=\"C\u00d4NG TY C\u1ed4 PH\u1ea6N T\u01af\u1edcNG NH\u1eb8 NUCEWALL\" \/>\n<meta property=\"article:modified_time\" content=\"2026-01-10T04:16:29+00:00\" \/>\n<meta name=\"twitter:card\" content=\"summary_large_image\" \/>\n<meta name=\"twitter:label1\" content=\"\u01af\u1edbc t\u00ednh th\u1eddi gian \u0111\u1ecdc\" \/>\n\t<meta name=\"twitter:data1\" content=\"1 ph\u00fat\" \/>\n<script type=\"application\/ld+json\" class=\"yoast-schema-graph\">{\"@context\":\"https:\/\/schema.org\",\"@graph\":[{\"@type\":\"WebPage\",\"@id\":\"http:\/\/code.webrt.net\/nucewall\/lien-he\/\",\"url\":\"http:\/\/code.webrt.net\/nucewall\/lien-he\/\",\"name\":\"Li\u00ean h\u1ec7 - C\u00d4NG TY C\u1ed4 PH\u1ea6N T\u01af\u1edcNG NH\u1eb8 NUCEWALL\",\"isPartOf\":{\"@id\":\"http:\/\/code.webrt.net\/nucewall\/#website\"},\"datePublished\":\"2026-01-09T04:26:42+00:00\",\"dateModified\":\"2026-01-10T04:16:29+00:00\",\"breadcrumb\":{\"@id\":\"http:\/\/code.webrt.net\/nucewall\/lien-he\/#breadcrumb\"},\"inLanguage\":\"vi\",\"potentialAction\":[{\"@type\":\"ReadAction\",\"target\":[\"http:\/\/code.webrt.net\/nucewall\/lien-he\/\"]}]},{\"@type\":\"BreadcrumbList\",\"@id\":\"http:\/\/code.webrt.net\/nucewall\/lien-he\/#breadcrumb\",\"itemListElement\":[{\"@type\":\"ListItem\",\"position\":1,\"name\":\"Trang ch\u1ee7\",\"item\":\"http:\/\/code.webrt.net\/nucewall\/\"},{\"@type\":\"ListItem\",\"position\":2,\"name\":\"Li\u00ean h\u1ec7\"}]},{\"@type\":\"WebSite\",\"@id\":\"http:\/\/code.webrt.net\/nucewall\/#website\",\"url\":\"http:\/\/code.webrt.net\/nucewall\/\",\"name\":\"C\u00d4NG TY C\u1ed4 PH\u1ea6N T\u01af\u1edcNG NH\u1eb8 NUCEWALL\",\"description\":\"\",\"potentialAction\":[{\"@type\":\"SearchAction\",\"target\":{\"@type\":\"EntryPoint\",\"urlTemplate\":\"http:\/\/code.webrt.net\/nucewall\/?s={search_term_string}\"},\"query-input\":{\"@type\":\"PropertyValueSpecification\",\"valueRequired\":true,\"valueName\":\"search_term_string\"}}],\"inLanguage\":\"vi\"}]}<\/script>\n<!-- \/ Yoast SEO plugin. -->","yoast_head_json":{"title":"Li\u00ean h\u1ec7 - C\u00d4NG TY C\u1ed4 PH\u1ea6N T\u01af\u1edcNG NH\u1eb8 NUCEWALL","robots":{"index":"noindex","follow":"follow","max-snippet":"max-snippet:-1","max-image-preview":"max-image-preview:large","max-video-preview":"max-video-preview:-1"},"og_locale":"vi_VN","og_type":"article","og_title":"Li\u00ean h\u1ec7 - C\u00d4NG TY C\u1ed4 PH\u1ea6N T\u01af\u1edcNG NH\u1eb8 NUCEWALL","og_url":"http:\/\/code.webrt.net\/nucewall\/lien-he\/","og_site_name":"C\u00d4NG TY C\u1ed4 PH\u1ea6N T\u01af\u1edcNG NH\u1eb8 NUCEWALL","article_modified_time":"2026-01-10T04:16:29+00:00","twitter_card":"summary_large_image","twitter_misc":{"\u01af\u1edbc t\u00ednh th\u1eddi gian \u0111\u1ecdc":"1 ph\u00fat"},"schema":{"@context":"https:\/\/schema.org","@graph":[{"@type":"WebPage","@id":"http:\/\/code.webrt.net\/nucewall\/lien-he\/","url":"http:\/\/code.webrt.net\/nucewall\/lien-he\/","name":"Li\u00ean h\u1ec7 - C\u00d4NG TY C\u1ed4 PH\u1ea6N T\u01af\u1edcNG NH\u1eb8 NUCEWALL","isPartOf":{"@id":"http:\/\/code.webrt.net\/nucewall\/#website"},"datePublished":"2026-01-09T04:26:42+00:00","dateModified":"2026-01-10T04:16:29+00:00","breadcrumb":{"@id":"http:\/\/code.webrt.net\/nucewall\/lien-he\/#breadcrumb"},"inLanguage":"vi","potentialAction":[{"@type":"ReadAction","target":["http:\/\/code.webrt.net\/nucewall\/lien-he\/"]}]},{"@type":"BreadcrumbList","@id":"http:\/\/code.webrt.net\/nucewall\/lien-he\/#breadcrumb","itemListElement":[{"@type":"ListItem","position":1,"name":"Trang ch\u1ee7","item":"http:\/\/code.webrt.net\/nucewall\/"},{"@type":"ListItem","position":2,"name":"Li\u00ean h\u1ec7"}]},{"@type":"WebSite","@id":"http:\/\/code.webrt.net\/nucewall\/#website","url":"http:\/\/code.webrt.net\/nucewall\/","name":"C\u00d4NG TY C\u1ed4 PH\u1ea6N T\u01af\u1edcNG NH\u1eb8 NUCEWALL","description":"","potentialAction":[{"@type":"SearchAction","target":{"@type":"EntryPoint","urlTemplate":"http:\/\/code.webrt.net\/nucewall\/?s={search_term_string}"},"query-input":{"@type":"PropertyValueSpecification","valueRequired":true,"valueName":"search_term_string"}}],"inLanguage":"vi"}]}},"_links":{"self":[{"href":"http:\/\/code.webrt.net\/nucewall\/wp-json\/wp\/v2\/pages\/213","targetHints":{"allow":["GET"]}}],"collection":[{"href":"http:\/\/code.webrt.net\/nucewall\/wp-json\/wp\/v2\/pages"}],"about":[{"href":"http:\/\/code.webrt.net\/nucewall\/wp-json\/wp\/v2\/types\/page"}],"author":[{"embeddable":true,"href":"http:\/\/code.webrt.net\/nucewall\/wp-json\/wp\/v2\/users\/1"}],"replies":[{"embeddable":true,"href":"http:\/\/code.webrt.net\/nucewall\/wp-json\/wp\/v2\/comments?post=213"}],"version-history":[{"count":11,"href":"http:\/\/code.webrt.net\/nucewall\/wp-json\/wp\/v2\/pages\/213\/revisions"}],"predecessor-version":[{"id":311,"href":"http:\/\/code.webrt.net\/nucewall\/wp-json\/wp\/v2\/pages\/213\/revisions\/311"}],"wp:attachment":[{"href":"http:\/\/code.webrt.net\/nucewall\/wp-json\/wp\/v2\/media?parent=213"}],"curies":[{"name":"wp","href":"https:\/\/api.w.org\/{rel}","templated":true}]}}